{"id":52,"date":"2015-02-12T13:22:44","date_gmt":"2015-02-12T13:22:44","guid":{"rendered":"http:\/\/www.sammonelakekerho.net\/hki\/?page_id=52"},"modified":"2026-01-16T20:35:23","modified_gmt":"2026-01-16T18:35:23","slug":"toimintakertomus","status":"publish","type":"page","link":"https:\/\/www.sammonelakekerho.net\/hki\/toimintakertomus\/","title":{"rendered":"Toimintakertomus"},"content":{"rendered":"<h1>TOIMINTAKERTOMUS 2025<\/h1>\n<h2>Johtokunta<\/h2>\n<p>Ilkka V\u00e4\u00e4n\u00e4nen&nbsp; &nbsp; &nbsp; &nbsp; &nbsp; &nbsp; &nbsp; &nbsp; &nbsp; &nbsp; &nbsp; &nbsp; puheenjohtaja<br \/>\nAune M\u00e4kinen<br \/>\nKarita Riima<\/p>\n<h2>J\u00e4rjestetyt &nbsp;tapahtumat vuonna 2025<\/h2>\n<ul>\n<li>Vuosikokous ti 28.1.2025, Ravintola Elite, osallistujia 17 hl\u00f6\u00e4<\/li>\n<li>\u201dSinun, Margot\u201d, Hgin kaupungin teatteri, ke 19.2.2025, osallistujia 24 hl\u00f6\u00e4<\/li>\n<li>Tove Jansson \u201dParatiisi n\u00e4yttely\u201d HAM museo, ke 19.3.2025, osallistujia 12 hl\u00f6\u00e4<\/li>\n<li>\u201dEik\u00e4 yksik\u00e4\u00e4n pelastunut\u201d, Hgin kaupungin teatteri, to 10.4.2025, osallistujia 18 hl\u00f6\u00e4<\/li>\n<li>Tallinnan XPRS-risteily, ti 13.5.2025, osallistujia 28 hl\u00f6\u00e4<\/li>\n<li>Kotkan merikeskusretki Tevan kerhon kanssa, to 18.9.2025, osallistujia meilt\u00e4 12 hl\u00f6\u00e4<\/li>\n<li>Nordea pankkimuseo k\u00e4ynti, to 23.10.2025, osallistujia 15 hl\u00f6\u00e4<\/li>\n<li>\u201dStarman, Martti Suosalon monologi\u201d Kansallisteatteri, ma 17.11.2025, osallistujia 30 hl\u00f6\u00e4<\/li>\n<li>Joululounas, Date With Dylan Keilaniemi, to 4.12.2025, osallistujia 73 hl\u00f6\u00e4<\/li>\n<\/ul>\n<p>Toimikunta on kokoontunut nykyisell\u00e4 kokoonpanolla 7 kertaa.&nbsp;<br \/>\nPalaveripaikaksi on vakiintunut Kampin Robert&#8217;s Coffee.<\/p>\n<p><em>Vuosikokouksessa p\u00e4\u00e4tettiin luopua tiedotteiden postituksista alkaen 1.1.2026.<\/em><br \/>\n<em>Postitettavista j\u00e4senist\u00e4 ei kukaan ole osallistunut tapahtumiin muutamaan vuoteen emmek\u00e4 saa en\u00e4\u00e4 yhti\u00f6lt\u00e4 etuk\u00e4teen maksettuja kirjekuoria, koska yhti\u00f6 ei k\u00e4yt\u00e4 niit\u00e4 en\u00e4\u00e4. Asia informoitu heille ensimm\u00e4isen 2025 tiedotteen yhteydess\u00e4 sek\u00e4 muistutuksena syksyll\u00e4 toisen tiedotteen yhteydess\u00e4.<\/em><\/p>\n<h3>Vanhempia toimintakertomuksia<\/h3>\n<ul>\n<li><a href=\"https:\/\/www.sammonelakekerho.net\/hki\/wp-content\/uploads\/2026\/01\/Toimintakertomus-2025.pdf\">Toimintakertomus vuodelta 2025<\/a><\/li>\n<li><a href=\"https:\/\/www.sammonelakekerho.net\/hki\/wp-content\/uploads\/2025\/01\/Toimintakertomus-2024.pdf\">Toimintakertomus vuodelta 2024<\/a><\/li>\n<li><a href=\"https:\/\/www.sammonelakekerho.net\/hki\/wp-content\/uploads\/2024\/01\/Toimintakertomus_2023.pdf\">Toimintakertomus vuodelta 2023<\/a><\/li>\n<li><a href=\"https:\/\/www.sammonelakekerho.net\/hki\/wp-content\/uploads\/2023\/02\/Toimintakertomus-2022.pdf\">Toimintakertomus vuodelta 2022<\/a><\/li>\n<li><a href=\"https:\/\/www.sammonelakekerho.net\/hki\/wp-content\/uploads\/2022\/03\/TOIMINTAKERTOMUS-2021.pdf\">Toimintakertomus vuodelta 2021<\/a><\/li>\n<li><a href=\"https:\/\/www.sammonelakekerho.net\/hki\/wp-content\/uploads\/2022\/03\/TOIMINTAKERTOMUS-2020.pdf\">Toimintakertomus vuodelta 2020<\/a><\/li>\n<li><a href=\"https:\/\/www.sammonelakekerho.net\/hki\/wp-content\/uploads\/2020\/01\/TOIMINTAKERTOMUS-2019.pdf\">Toimintakertomus vuodelta 2019<\/a><\/li>\n<li><a style=\"font-size: 16px; font-weight: 400;\" href=\"https:\/\/www.sammonelakekerho.net\/hki\/wp-content\/uploads\/2019\/01\/TOIMINTAKERTOMUS-2018.pdf\">Toimintakertomus vuodelta 2018<\/a><\/li>\n<li><a href=\"https:\/\/www.sammonelakekerho.net\/hki\/wp-content\/uploads\/2019\/01\/TOIMINTAKERTOMUS_2017.pdf\">Toimintakertomus vuodelta 2017<\/a><\/li>\n<li><a href=\"https:\/\/www.sammonelakekerho.net\/hki\/wp-content\/uploads\/2017\/08\/Toimintakertomus2016.pdf\">Toimintakertomus vuodelta 2016<\/a><\/li>\n<li class=\"none\"><a href=\"https:\/\/www.sammonelakekerho.net\/hki\/wp-content\/uploads\/2015\/02\/hstk2015.pdf\">Toimintakertomus vuodelta 2015<\/a><\/li>\n<li class=\"none\"><a href=\"https:\/\/www.sammonelakekerho.net\/hki\/wp-content\/uploads\/2015\/02\/toimintakertomus2014.pdf\" rel=\"\">Toimintakertomus vuodelta 2014<\/a><\/li>\n<li class=\"none\"><a class=\"text\" href=\"http:\/\/www.sammonelakekerho.net\/hstk2013.pdf\">Toimintakertomus vuodelta 2013<\/a><\/li>\n<li class=\"none\"><a class=\"text\" href=\"http:\/\/www.sammonelakekerho.net\/hstk2012.pdf\">Toimintakertomus vuodelta 2012<\/a><\/li>\n<li class=\"none\"><a class=\"text\" href=\"http:\/\/www.sammonelakekerho.net\/hstk2011.pdf\">Toimintakertomus vuodelta 2011<\/a><\/li>\n<li class=\"none\"><a class=\"text\" href=\"http:\/\/www.sammonelakekerho.net\/hstk2010.pdf\">Toimintakertomus vuodelta 2010<\/a><\/li>\n<\/ul>\n","protected":false},"excerpt":{"rendered":"<p>TOIMINTAKERTOMUS 2025 Johtokunta Ilkka V\u00e4\u00e4n\u00e4nen&nbsp; &nbsp; &nbsp; &nbsp; &nbsp; &nbsp; &nbsp; &nbsp; &nbsp; &nbsp; &nbsp; &nbsp; puheenjohtaja Aune M\u00e4kinen Karita Riima J\u00e4rjestetyt &nbsp;tapahtumat vuonna 2025 Vuosikokous ti 28.1.2025, Ravintola Elite, osallistujia 17 hl\u00f6\u00e4 \u201dSinun, Margot\u201d, Hgin kaupungin teatteri, ke 19.2.2025, osallistujia 24 hl\u00f6\u00e4 Tove Jansson \u201dParatiisi n\u00e4yttely\u201d HAM museo, ke 19.3.2025, osallistujia 12 hl\u00f6\u00e4 \u201dEik\u00e4 &hellip; <a href=\"https:\/\/www.sammonelakekerho.net\/hki\/toimintakertomus\/\" class=\"more-link\">Jatka lukemista<span class=\"screen-reader-text\"> &#8221;Toimintakertomus&#8221;<\/span><\/a><\/p>\n","protected":false},"author":4,"featured_media":0,"parent":0,"menu_order":0,"comment_status":"closed","ping_status":"closed","template":"","meta":{"_mi_skip_tracking":false,"ngg_post_thumbnail":0,"footnotes":""},"class_list":["post-52","page","type-page","status-publish","hentry"],"_links":{"self":[{"href":"https:\/\/www.sammonelakekerho.net\/hki\/wp-json\/wp\/v2\/pages\/52","targetHints":{"allow":["GET"]}}],"collection":[{"href":"https:\/\/www.sammonelakekerho.net\/hki\/wp-json\/wp\/v2\/pages"}],"about":[{"href":"https:\/\/www.sammonelakekerho.net\/hki\/wp-json\/wp\/v2\/types\/page"}],"author":[{"embeddable":true,"href":"https:\/\/www.sammonelakekerho.net\/hki\/wp-json\/wp\/v2\/users\/4"}],"replies":[{"embeddable":true,"href":"https:\/\/www.sammonelakekerho.net\/hki\/wp-json\/wp\/v2\/comments?post=52"}],"version-history":[{"count":29,"href":"https:\/\/www.sammonelakekerho.net\/hki\/wp-json\/wp\/v2\/pages\/52\/revisions"}],"predecessor-version":[{"id":764,"href":"https:\/\/www.sammonelakekerho.net\/hki\/wp-json\/wp\/v2\/pages\/52\/revisions\/764"}],"wp:attachment":[{"href":"https:\/\/www.sammonelakekerho.net\/hki\/wp-json\/wp\/v2\/media?parent=52"}],"curies":[{"name":"wp","href":"https:\/\/api.w.org\/{rel}","templated":true}]}}